{"id":32252,"date":"2023-08-31T13:05:37","date_gmt":"2023-08-31T12:05:37","guid":{"rendered":"https:\/\/www.skrateljc.org\/?post_type=product&#038;p=32252"},"modified":"2026-08-31T13:09:50","modified_gmt":"2026-08-31T12:09:50","slug":"moj-lajf","status":"publish","type":"product","link":"https:\/\/www.skrateljc.org\/en\/izdelek\/moj-lajf\/","title":{"rendered":"Moj lajf"},"content":{"rendered":"<p><strong>Bo\u0161tjan Gorenc Pi\u017eama in Tanja Komadina sta pretresala Moje \u017eivljenje ter spisala in izrisala Moj lajf.<\/strong><\/p>\n<p>S posebno izdajo sku\u0161amo dana\u0161njemu bralcu na sodoben, komunikativen in dinami\u010den na\u010din pribli\u017eati Cankarjevo delo. Prepri\u010dani smo, da je \u0161e danes presenetljivo aktualno in navdihujo\u010de tudi za sodobne generacije.<\/p>\n<p>Zakaj strip? Ker je strip medij, ki dopu\u0161\u010da veliko svobode pri interpretiranju in ume\u0161\u010danju nekega dela v \u0161ir\u0161e kontekste: zgodovinske, kulturne, politi\u010dne. Ker je strip prav tako subverzivna forma, kot je bilo pred ve\u010d kot sto leti subverzivno Cankarjevo ustvarjanje. Komunikativnost, aktualnost in povezovanje besede in podobe bodo bralce pritegnili k branju in premisleku mo\u010dnih Cankarjevih sporo\u010dil.<\/p>","protected":false},"excerpt":{"rendered":"<p><strong>Bo\u0161tjan Gorenc Pi\u017eama in Tanja Komadina sta pretresala Moje \u017eivljenje ter spisala in izrisala Moj lajf.<\/strong><\/p>\n<p>S posebno izdajo sku\u0161amo dana\u0161njemu bralcu na sodoben, komunikativen in dinami\u010den na\u010din pribli\u017eati Cankarjevo delo. Prepri\u010dani smo, da je \u0161e danes presenetljivo aktualno in navdihujo\u010de tudi za sodobne generacije.<\/p>\n<p>Zakaj strip? Ker je strip medij, ki dopu\u0161\u010da veliko svobode pri interpretiranju in ume\u0161\u010danju nekega dela v \u0161ir\u0161e kontekste: zgodovinske, kulturne, politi\u010dne. Ker je strip prav tako subverzivna forma, kot je bilo pred ve\u010d kot sto leti subverzivno Cankarjevo ustvarjanje. Komunikativnost, aktualnost in povezovanje besede in podobe bodo bralce pritegnili k branju in premisleku mo\u010dnih Cankarjevih sporo\u010dil.<\/p>","protected":false},"featured_media":32251,"template":"","meta":{"inline_featured_image":false,"cybocfi_hide_featured_image":""},"product_brand":[],"product_cat":[70],"product_tag":[],"class_list":["post-32252","product","type-product","status-publish","has-post-thumbnail","product_cat-stripi","first","instock","shipping-taxable","purchasable","product-type-simple"],"yoast_head":"<!-- This site is optimized with the Yoast SEO Premium plugin v27.9 (Yoast SEO v28.3) - https:\/\/yoast.com\/product\/yoast-seo-premium-wordpress\/ -->\n<title>Moj lajf | \u0160krateljc<\/title>\n<meta name=\"description\" content=\"Bo\u0161tjan Gorenc Pi\u017eama in Tanja Komadina sta pretresala Moje \u017eivljenje ter spisala in izrisala Moj lajf.\" \/>\n<meta name=\"robots\" content=\"index, follow, max-snippet:-1, max-image-preview:large, max-video-preview:-1\" \/>\n<link rel=\"canonical\" href=\"https:\/\/www.skrateljc.org\/en\/product-2\/moj-lajf\/\" \/>\n<meta property=\"og:locale\" content=\"en_GB\" \/>\n<meta property=\"og:type\" content=\"article\" \/>\n<meta property=\"og:title\" content=\"Moj lajf\" \/>\n<meta property=\"og:description\" content=\"Bo\u0161tjan Gorenc Pi\u017eama in Tanja Komadina sta pretresala Moje \u017eivljenje ter spisala in izrisala Moj lajf.\" \/>\n<meta property=\"og:url\" content=\"https:\/\/www.skrateljc.org\/en\/product-2\/moj-lajf\/\" \/>\n<meta property=\"og:site_name\" content=\"\u0160krateljc\" \/>\n<meta property=\"article:publisher\" content=\"https:\/\/www.facebook.com\/skrateljc\" \/>\n<meta property=\"article:modified_time\" content=\"2026-08-31T12:09:50+00:00\" \/>\n<meta property=\"og:image\" content=\"https:\/\/www.skrateljc.org\/wp-content\/uploads\/2021\/09\/Cankar_Hlapci_koncani.jpg\" \/>\n\t<meta property=\"og:image:width\" content=\"612\" \/>\n\t<meta property=\"og:image:height\" content=\"767\" \/>\n\t<meta property=\"og:image:type\" content=\"image\/jpeg\" \/>\n<meta name=\"twitter:card\" content=\"summary_large_image\" \/>\n<meta name=\"twitter:label1\" content=\"Estimated reading time\" \/>\n\t<meta name=\"twitter:data1\" content=\"1 minute\" \/>\n<script type=\"application\/ld+json\" class=\"yoast-schema-graph\">{\"@context\":\"https:\\\/\\\/schema.org\",\"@graph\":[{\"@type\":\"WebPage\",\"@id\":\"https:\\\/\\\/www.skrateljc.org\\\/izdelek\\\/moj-lajf\\\/\",\"url\":\"https:\\\/\\\/www.skrateljc.org\\\/izdelek\\\/moj-lajf\\\/\",\"name\":\"Moj lajf | \u0160krateljc\",\"isPartOf\":{\"@id\":\"https:\\\/\\\/www.skrateljc.org\\\/#website\"},\"primaryImageOfPage\":{\"@id\":\"https:\\\/\\\/www.skrateljc.org\\\/izdelek\\\/moj-lajf\\\/#primaryimage\"},\"image\":{\"@id\":\"https:\\\/\\\/www.skrateljc.org\\\/izdelek\\\/moj-lajf\\\/#primaryimage\"},\"thumbnailUrl\":\"https:\\\/\\\/www.skrateljc.org\\\/wp-content\\\/uploads\\\/2026\\\/08\\\/mojlajf.jpg\",\"datePublished\":\"2023-08-31T12:05:37+00:00\",\"dateModified\":\"2026-08-31T12:09:50+00:00\",\"description\":\"Bo\u0161tjan Gorenc Pi\u017eama in Tanja Komadina sta pretresala Moje \u017eivljenje ter spisala in izrisala Moj lajf.\",\"breadcrumb\":{\"@id\":\"https:\\\/\\\/www.skrateljc.org\\\/izdelek\\\/moj-lajf\\\/#breadcrumb\"},\"inLanguage\":\"en-GB\",\"potentialAction\":[{\"@type\":\"ReadAction\",\"target\":[\"https:\\\/\\\/www.skrateljc.org\\\/izdelek\\\/moj-lajf\\\/\"]}]},{\"@type\":\"ImageObject\",\"inLanguage\":\"en-GB\",\"@id\":\"https:\\\/\\\/www.skrateljc.org\\\/izdelek\\\/moj-lajf\\\/#primaryimage\",\"url\":\"https:\\\/\\\/www.skrateljc.org\\\/wp-content\\\/uploads\\\/2026\\\/08\\\/mojlajf.jpg\",\"contentUrl\":\"https:\\\/\\\/www.skrateljc.org\\\/wp-content\\\/uploads\\\/2026\\\/08\\\/mojlajf.jpg\",\"width\":556,\"height\":794},{\"@type\":\"BreadcrumbList\",\"@id\":\"https:\\\/\\\/www.skrateljc.org\\\/izdelek\\\/moj-lajf\\\/#breadcrumb\",\"itemListElement\":[{\"@type\":\"ListItem\",\"position\":1,\"name\":\"Domov\",\"item\":\"https:\\\/\\\/www.skrateljc.org\\\/\"},{\"@type\":\"ListItem\",\"position\":2,\"name\":\"Trgovina\",\"item\":\"https:\\\/\\\/www.skrateljc.org\\\/trgovina\\\/\"},{\"@type\":\"ListItem\",\"position\":3,\"name\":\"Moj lajf\"}]},{\"@type\":\"WebSite\",\"@id\":\"https:\\\/\\\/www.skrateljc.org\\\/#website\",\"url\":\"https:\\\/\\\/www.skrateljc.org\\\/\",\"name\":\"\u0160krateljc\",\"description\":\"- ustvarjamo do\u017eivetja\",\"publisher\":{\"@id\":\"https:\\\/\\\/www.skrateljc.org\\\/#organization\"},\"potentialAction\":[{\"@type\":\"SearchAction\",\"target\":{\"@type\":\"EntryPoint\",\"urlTemplate\":\"https:\\\/\\\/www.skrateljc.org\\\/?s={search_term_string}\"},\"query-input\":{\"@type\":\"PropertyValueSpecification\",\"valueRequired\":true,\"valueName\":\"search_term_string\"}}],\"inLanguage\":\"en-GB\"},{\"@type\":\"Organization\",\"@id\":\"https:\\\/\\\/www.skrateljc.org\\\/#organization\",\"name\":\"Zavod \u0160krateljc\",\"url\":\"https:\\\/\\\/www.skrateljc.org\\\/\",\"logo\":{\"@type\":\"ImageObject\",\"inLanguage\":\"en-GB\",\"@id\":\"https:\\\/\\\/www.skrateljc.org\\\/#\\\/schema\\\/logo\\\/image\\\/\",\"url\":\"https:\\\/\\\/www.skrateljc.org\\\/wp-content\\\/uploads\\\/2021\\\/11\\\/00_logo-skrateljc-COL.jpg\",\"contentUrl\":\"https:\\\/\\\/www.skrateljc.org\\\/wp-content\\\/uploads\\\/2021\\\/11\\\/00_logo-skrateljc-COL.jpg\",\"width\":1770,\"height\":471,\"caption\":\"Zavod \u0160krateljc\"},\"image\":{\"@id\":\"https:\\\/\\\/www.skrateljc.org\\\/#\\\/schema\\\/logo\\\/image\\\/\"},\"sameAs\":[\"https:\\\/\\\/www.facebook.com\\\/skrateljc\",\"https:\\\/\\\/www.youtube.com\\\/channel\\\/UCffLgYSmHefkqvSMHeoLSDg\",\"https:\\\/\\\/www.instagram.com\\\/zavodskrateljc\"]}]}<\/script>\n<!-- \/ Yoast SEO Premium plugin. -->","yoast_head_json":{"title":"Moj lajf | \u0160krateljc","description":"Bo\u0161tjan Gorenc Pi\u017eama in Tanja Komadina sta pretresala Moje \u017eivljenje ter spisala in izrisala Moj lajf.","robots":{"index":"index","follow":"follow","max-snippet":"max-snippet:-1","max-image-preview":"max-image-preview:large","max-video-preview":"max-video-preview:-1"},"canonical":"https:\/\/www.skrateljc.org\/en\/product-2\/moj-lajf\/","og_locale":"en_GB","og_type":"article","og_title":"Moj lajf","og_description":"Bo\u0161tjan Gorenc Pi\u017eama in Tanja Komadina sta pretresala Moje \u017eivljenje ter spisala in izrisala Moj lajf.","og_url":"https:\/\/www.skrateljc.org\/en\/product-2\/moj-lajf\/","og_site_name":"\u0160krateljc","article_publisher":"https:\/\/www.facebook.com\/skrateljc","article_modified_time":"2026-08-31T12:09:50+00:00","og_image":[{"width":612,"height":767,"url":"https:\/\/www.skrateljc.org\/wp-content\/uploads\/2021\/09\/Cankar_Hlapci_koncani.jpg","type":"image\/jpeg"}],"twitter_card":"summary_large_image","twitter_misc":{"Estimated reading time":"1 minute"},"schema":{"@context":"https:\/\/schema.org","@graph":[{"@type":"WebPage","@id":"https:\/\/www.skrateljc.org\/izdelek\/moj-lajf\/","url":"https:\/\/www.skrateljc.org\/izdelek\/moj-lajf\/","name":"Moj lajf | \u0160krateljc","isPartOf":{"@id":"https:\/\/www.skrateljc.org\/#website"},"primaryImageOfPage":{"@id":"https:\/\/www.skrateljc.org\/izdelek\/moj-lajf\/#primaryimage"},"image":{"@id":"https:\/\/www.skrateljc.org\/izdelek\/moj-lajf\/#primaryimage"},"thumbnailUrl":"https:\/\/www.skrateljc.org\/wp-content\/uploads\/2026\/08\/mojlajf.jpg","datePublished":"2023-08-31T12:05:37+00:00","dateModified":"2026-08-31T12:09:50+00:00","description":"Bo\u0161tjan Gorenc Pi\u017eama in Tanja Komadina sta pretresala Moje \u017eivljenje ter spisala in izrisala Moj lajf.","breadcrumb":{"@id":"https:\/\/www.skrateljc.org\/izdelek\/moj-lajf\/#breadcrumb"},"inLanguage":"en-GB","potentialAction":[{"@type":"ReadAction","target":["https:\/\/www.skrateljc.org\/izdelek\/moj-lajf\/"]}]},{"@type":"ImageObject","inLanguage":"en-GB","@id":"https:\/\/www.skrateljc.org\/izdelek\/moj-lajf\/#primaryimage","url":"https:\/\/www.skrateljc.org\/wp-content\/uploads\/2026\/08\/mojlajf.jpg","contentUrl":"https:\/\/www.skrateljc.org\/wp-content\/uploads\/2026\/08\/mojlajf.jpg","width":556,"height":794},{"@type":"BreadcrumbList","@id":"https:\/\/www.skrateljc.org\/izdelek\/moj-lajf\/#breadcrumb","itemListElement":[{"@type":"ListItem","position":1,"name":"Domov","item":"https:\/\/www.skrateljc.org\/"},{"@type":"ListItem","position":2,"name":"Trgovina","item":"https:\/\/www.skrateljc.org\/trgovina\/"},{"@type":"ListItem","position":3,"name":"Moj lajf"}]},{"@type":"WebSite","@id":"https:\/\/www.skrateljc.org\/#website","url":"https:\/\/www.skrateljc.org\/","name":"\u0160krateljc","description":"- ustvarjamo do\u017eivetja","publisher":{"@id":"https:\/\/www.skrateljc.org\/#organization"},"potentialAction":[{"@type":"SearchAction","target":{"@type":"EntryPoint","urlTemplate":"https:\/\/www.skrateljc.org\/?s={search_term_string}"},"query-input":{"@type":"PropertyValueSpecification","valueRequired":true,"valueName":"search_term_string"}}],"inLanguage":"en-GB"},{"@type":"Organization","@id":"https:\/\/www.skrateljc.org\/#organization","name":"Zavod \u0160krateljc","url":"https:\/\/www.skrateljc.org\/","logo":{"@type":"ImageObject","inLanguage":"en-GB","@id":"https:\/\/www.skrateljc.org\/#\/schema\/logo\/image\/","url":"https:\/\/www.skrateljc.org\/wp-content\/uploads\/2021\/11\/00_logo-skrateljc-COL.jpg","contentUrl":"https:\/\/www.skrateljc.org\/wp-content\/uploads\/2021\/11\/00_logo-skrateljc-COL.jpg","width":1770,"height":471,"caption":"Zavod \u0160krateljc"},"image":{"@id":"https:\/\/www.skrateljc.org\/#\/schema\/logo\/image\/"},"sameAs":["https:\/\/www.facebook.com\/skrateljc","https:\/\/www.youtube.com\/channel\/UCffLgYSmHefkqvSMHeoLSDg","https:\/\/www.instagram.com\/zavodskrateljc"]}]}},"_links":{"self":[{"href":"https:\/\/www.skrateljc.org\/en\/wp-json\/wp\/v2\/product\/32252","targetHints":{"allow":["GET"]}}],"collection":[{"href":"https:\/\/www.skrateljc.org\/en\/wp-json\/wp\/v2\/product"}],"about":[{"href":"https:\/\/www.skrateljc.org\/en\/wp-json\/wp\/v2\/types\/product"}],"wp:featuredmedia":[{"embeddable":true,"href":"https:\/\/www.skrateljc.org\/en\/wp-json\/wp\/v2\/media\/32251"}],"wp:attachment":[{"href":"https:\/\/www.skrateljc.org\/en\/wp-json\/wp\/v2\/media?parent=32252"}],"wp:term":[{"taxonomy":"product_brand","embeddable":true,"href":"https:\/\/www.skrateljc.org\/en\/wp-json\/wp\/v2\/product_brand?post=32252"},{"taxonomy":"product_cat","embeddable":true,"href":"https:\/\/www.skrateljc.org\/en\/wp-json\/wp\/v2\/product_cat?post=32252"},{"taxonomy":"product_tag","embeddable":true,"href":"https:\/\/www.skrateljc.org\/en\/wp-json\/wp\/v2\/product_tag?post=32252"}],"curies":[{"name":"wp","href":"https:\/\/api.w.org\/{rel}","templated":true}]}}

<p><strong>Boštjan Gorenc Pižama in Tanja Komadina sta pretresala Moje življenje ter spisala in izrisala Moj lajf.</strong></p>
<p>S posebno izdajo skušamo današnjemu bralcu na sodoben, komunikativen in dinamičen način približati Cankarjevo delo. Prepričani smo, da je še danes presenetljivo aktualno in navdihujoče tudi za sodobne generacije.</p>
<p>Zakaj strip? Ker je strip medij, ki dopušča veliko svobode pri interpretiranju in umeščanju nekega dela v širše kontekste: zgodovinske, kulturne, politične. Ker je strip prav tako subverzivna forma, kot je bilo pred več kot sto leti subverzivno Cankarjevo ustvarjanje. Komunikativnost, aktualnost in povezovanje besede in podobe bodo bralce pritegnili k branju in premisleku močnih Cankarjevih sporočil.</p>

<!-- This site is optimized with the Yoast SEO Premium plugin v27.9 (Yoast SEO v28.3) - https://yoast.com/product/yoast-seo-premium-wordpress/ -->
<title>Moj lajf | Škrateljc</title>
<meta name="description" content="Boštjan Gorenc Pižama in Tanja Komadina sta pretresala Moje življenje ter spisala in izrisala Moj lajf." />
<meta name="robots" content="index, follow, max-snippet:-1, max-image-preview:large, max-video-preview:-1" />
<link rel="canonical" href="https://www.skrateljc.org/en/product-2/moj-lajf/" />
<meta property="og:locale" content="en_GB" />
<meta property="og:type" content="article" />
<meta property="og:title" content="Moj lajf" />
<meta property="og:description" content="Boštjan Gorenc Pižama in Tanja Komadina sta pretresala Moje življenje ter spisala in izrisala Moj lajf." />
<meta property="og:url" content="https://www.skrateljc.org/en/product-2/moj-lajf/" />
<meta property="og:site_name" content="Škrateljc" />
<meta property="article:publisher" content="https://www.facebook.com/skrateljc" />
<meta property="article:modified_time" content="2026-08-31T12:09:50+00:00" />
<meta property="og:image" content="https://www.skrateljc.org/wp-content/uploads/2021/09/Cankar_Hlapci_koncani.jpg" />
	<meta property="og:image:width" content="612" />
	<meta property="og:image:height" content="767" />
	<meta property="og:image:type" content="image/jpeg" />
<meta name="twitter:card" content="summary_large_image" />
<meta name="twitter:label1" content="Estimated reading time" />
	<meta name="twitter:data1" content="1 minute" />
<script type="application/ld+json" class="yoast-schema-graph">{"@context":"https:\/\/schema.org","@graph":[{"@type":"WebPage","@id":"https:\/\/www.skrateljc.org\/izdelek\/moj-lajf\/","url":"https:\/\/www.skrateljc.org\/izdelek\/moj-lajf\/","name":"Moj lajf | Škrateljc","isPartOf":{"@id":"https:\/\/www.skrateljc.org\/#website"},"primaryImageOfPage":{"@id":"https:\/\/www.skrateljc.org\/izdelek\/moj-lajf\/#primaryimage"},"image":{"@id":"https:\/\/www.skrateljc.org\/izdelek\/moj-lajf\/#primaryimage"},"thumbnailUrl":"https:\/\/www.skrateljc.org\/wp-content\/uploads\/2026\/08\/mojlajf.jpg","datePublished":"2023-08-31T12:05:37+00:00","dateModified":"2026-08-31T12:09:50+00:00","description":"Boštjan Gorenc Pižama in Tanja Komadina sta pretresala Moje življenje ter spisala in izrisala Moj lajf.","breadcrumb":{"@id":"https:\/\/www.skrateljc.org\/izdelek\/moj-lajf\/#breadcrumb"},"inLanguage":"en-GB","potentialAction":[{"@type":"ReadAction","target":["https:\/\/www.skrateljc.org\/izdelek\/moj-lajf\/"]}]},{"@type":"ImageObject","inLanguage":"en-GB","@id":"https:\/\/www.skrateljc.org\/izdelek\/moj-lajf\/#primaryimage","url":"https:\/\/www.skrateljc.org\/wp-content\/uploads\/2026\/08\/mojlajf.jpg","contentUrl":"https:\/\/www.skrateljc.org\/wp-content\/uploads\/2026\/08\/mojlajf.jpg","width":556,"height":794},{"@type":"BreadcrumbList","@id":"https:\/\/www.skrateljc.org\/izdelek\/moj-lajf\/#breadcrumb","itemListElement":[{"@type":"ListItem","position":1,"name":"Domov","item":"https:\/\/www.skrateljc.org\/"},{"@type":"ListItem","position":2,"name":"Trgovina","item":"https:\/\/www.skrateljc.org\/trgovina\/"},{"@type":"ListItem","position":3,"name":"Moj lajf"}]},{"@type":"WebSite","@id":"https:\/\/www.skrateljc.org\/#website","url":"https:\/\/www.skrateljc.org\/","name":"Škrateljc","description":"- ustvarjamo doživetja","publisher":{"@id":"https:\/\/www.skrateljc.org\/#organization"},"potentialAction":[{"@type":"SearchAction","target":{"@type":"EntryPoint","urlTemplate":"https:\/\/www.skrateljc.org\/?s={search_term_string}"},"query-input":{"@type":"PropertyValueSpecification","valueRequired":true,"valueName":"search_term_string"}}],"inLanguage":"en-GB"},{"@type":"Organization","@id":"https:\/\/www.skrateljc.org\/#organization","name":"Zavod Škrateljc","url":"https:\/\/www.skrateljc.org\/","logo":{"@type":"ImageObject","inLanguage":"en-GB","@id":"https:\/\/www.skrateljc.org\/#\/schema\/logo\/image\/","url":"https:\/\/www.skrateljc.org\/wp-content\/uploads\/2021\/11\/00_logo-skrateljc-COL.jpg","contentUrl":"https:\/\/www.skrateljc.org\/wp-content\/uploads\/2021\/11\/00_logo-skrateljc-COL.jpg","width":1770,"height":471,"caption":"Zavod Škrateljc"},"image":{"@id":"https:\/\/www.skrateljc.org\/#\/schema\/logo\/image\/"},"sameAs":["https:\/\/www.facebook.com\/skrateljc","https:\/\/www.youtube.com\/channel\/UCffLgYSmHefkqvSMHeoLSDg","https:\/\/www.instagram.com\/zavodskrateljc"]}]}</script>
<!-- / Yoast SEO Premium plugin. -->

Moj lajf | Škrateljc

Boštjan Gorenc Pižama in Tanja Komadina sta pretresala Moje življenje ter spisala in izrisala Moj lajf.

Škrateljc

- ustvarjamo doživetja

Zavod Škrateljc
